he prime factors of n(0)?
3, 7, 41
Suppose m + 23 = h - 4*m, -2*h = 5*m + 29. List the prime factors of (15 - h) + 0 + 1 + -1.
17
Suppose -t + 30 = -3*w + w, -39 = -t + 5*w. Suppose 4*r = -r - 45. Let s = r + t. What are the prime factors of s?
3, 5
Let h(u) = u**3 + 16*u**2 - 2*u - 20. Suppose 4*o + 57 = -7. Let y be h(o). Suppose 0 = 13*l - y*l - 13. List the prime factors of l.
13
Let u(j) = -3*j**2 + 5*j**2 + j**3 - 11*j - 8 + 7*j**2. Let p be u(-10). Suppose -2*n = 3*m - 32, -2*n - 18 = -p*m - 5*n. What are the prime factors of m?
2, 3
Let w = 10 - 8. Suppose 3*g = -x + 231, 0 = 2*x + w*x - 2*g - 938. What are the prime factors of x?
2, 3, 13
Let o be (-11 + -4)*15/25. Let y = o - -19. Suppose -y*r = -13*r + 102. What are the prime factors of r?
2, 17
Let d = 41 + -37. Let i(h) = 29*h - 14. List the prime factors of i(d).
2, 3, 17
What are the prime factors of 778 - (2 + 5 - 11)?
2, 17, 23
Suppose -4*t + 4*n = -2*t - 14, 0 = 3*t - 4*n - 19. Suppose -117 - 157 = -3*o - h, 268 = 3*o - t*h. What are the prime factors of o?
7, 13
Let a = -108 + 104. What are the prime factors of 615/((-20)/a) - 2?
11
Suppose 0 = 9*b - 8806 + 364. List the prime factors of b.
2, 7, 67
Let w(r) = r**2 + 22. Let z be w(0). Suppose -5*s - z = -27. What are the prime factors of 23/(2 + (s - 2))?
23
Suppose 6*q + 123 = 15. List the prime factors of (-204)/q*(0 + 6).
2, 17
Suppose 0 = -5*n - 2*y + 67, 3*n + 2*y = 8*n - 63. Suppose -5*s - 15 + 70 = 0. Let l = n - s. List the prime factors of l.
2
Suppose -w + s = -300, 13*w + s = 9*w + 1190. List the prime factors of w.
2, 149
Let n(c) = -c**3 + 8*c**2 - 6*c + 2. Let y be n(5). Let r = y + -31. Suppose 0 = 4*x + r - 192. What are the prime factors of x?
2, 11
Let s = -15 - -18. Suppose -b - 1 = -3*d, 2*b = d - s*b + 23. Suppose 51 = d*p + 9. List the prime factors of p.
3, 7
Let f(h) = 2 + 5*h**2 - 3*h - 2*h**2 - 2*h**2. Let a be f(2). Suppose a = 3*m + j - 49, 5*m - 64 = m - 2*j. What are the prime factors of m?
17
Let k(y) = 5*y - 1. Suppose -4*q = -3*i + 21, -5*q + 0 = 3*i + 6. Suppose -j = -3*n, i*n - 10 = -2*j - 1. List the prime factors of k(n).
2
Let b be 11/((-80)/(-28) + -3). Let f = 132 + b. Let l = -17 + f. List the prime factors of l.
2, 19
Let b(t) = -t**2 - 5. Let u = -22 + 22. Let i be b(u). Let s(o) = -13*o. What are the prime factors of s(i)?
5, 13
Let n(x) = -x**2 - 3. Let f be n(3). Let a = -8 - f. What are the prime factors of (-2)/((-8)/a) - -2?
3
Suppose 808 = i + 3*r, -i + 9*r = 5*r - 822. List the prime factors of i.
2, 11, 37
Suppose -4*i + p = 4*p - 29, i - 14 = -3*p. Let k(z) be the first derivative of z**3/3 - 3*z**2/2 + 5*z - 3. What are the prime factors of k(i)?
3, 5
What are the prime factors of -1 + 792 - (-16 - (-26)/2)?
2, 397
Let j = -24 + 28. Suppose -j*c = -l + 76, -l - 5*c - 143 = -3*l. What are the prime factors of l?
2
Suppose 8*t - 14*t + 36 = 0. List the prime factors of t.
2, 3
Suppose -6261 = -4*d - b, 34*b - 30*b + 6236 = 4*d. What are the prime factors of d?
2, 17, 23
List the prime factors of 9040/(-12)*162/(-36).
2, 3, 5, 113
Suppose -34*c + 10584 + 2336 = 0. What are the prime factors of c?
2, 5, 19
Let f(w) = 7*w + 129. List the prime factors of f(32).
353
Suppose 0 = -56*u + 55*u - 1. List the prime factors of 32*u*(-4)/(-6)*-3.
2
List the prime factors of 2124*(-2)/(-12)*6.
2, 3, 59
List the prime factors of (0 + 5 + -3)*975/6.
5, 13
Let y = 947 + 653. What are the prime factors of y?
2, 5
Let f be 7*16/(-504) + 223/(-9). List the prime factors of f*((-282)/30 - -5).
2, 5, 11
Let r = -310 + 493. List the prime factors of r.
3, 61
Suppose -9*d + 28*d = 14763. What are the prime factors of d?
3, 7, 37
Let k(s) = -s**2 + 9*s - 13. Let u(x) = x. Let z(f) = k(f) + 4*u(f). Let l be z(9). Suppose -l - 22 = -5*q. List the prime factors of q.
3
Suppose -40*v = -19*v - 42147. What are the prime factors of v?
3, 223
Let m(b) = 476*b**3 + b**2 - 1. Let h be m(1). Suppose 6*t - h = -116. What are the prime factors of t?
2, 3, 5
Let i be 3 + (-1 + -2)/3. Suppose 2*o = -3*x + 66, 0 = i*o + 2*x - 64 + 2. What are the prime factors of o?
3
Let b(y) = -33 + 366*y - 349*y + 2*y**2 + 1. What are the prime factors of b(-14)?
2, 61
Let v(s) = -s**3 + 2*s**2 - 4. Let l be v(-4). Suppose -290 = -2*w + 3*i, 5*w - 827 = 5*i - l. What are the prime factors of w?
151
List the prime factors of 0 - -2771 - 217/31.
2, 691
Let a = 1139 - 596. List the prime factors of a.
3, 181
Let w = 1224 + -175. What are the prime factors of w?
1049
Suppose -20 = 5*f, x = -2*f - 3*f + 98. Let g = x - 34. What are the prime factors of g?
2, 3, 7
What are the prime factors of (243/135)/((-1)/(-305))?
3, 61
Suppose 23*m = -4*m + 20520. List the prime factors of m.
2, 5, 19
Let d = 720 - 184. List the prime factors of d.
2, 67
Suppose 8 = -2*u, -2*u = -2*m + 410 - 0. List the prime factors of m.
3, 67
Suppose -2*n - 2*p = -8, -3*n + n - p = -4. Let k(g) = -2*g - 21. Let m be k(-12). Suppose 4*r + 4 = n, m*h + 0*h - 3*r = 168. What are the prime factors of h?
5, 11
Suppose -3*i = -i - 30. Let t = i + 30. List the prime factors of 8/(-32) - t/(-4).
11
Suppose 5710 = 8*h - 8418. List the prime factors of h.
2, 883
Let w = -18 + 46. Let y = w + -24. Suppose o = y*a + 121 - 333, 0 = -5*a - 5*o + 290. What are the prime factors of a?
2, 3
Suppose -8*d - 360 = -11*d. List the prime factors of d.
2, 3, 5
List the prime factors of (-15)/(-3) + (-181440)/(-32).
5, 227
What are the prime factors of (7 + -6)*101 + -3?
2, 7
Suppose 3*b + r - 175 = 3*r, -25 = 5*r. Let o = 108 - b. List the prime factors of o.
53
Suppose 4*f + 12377 = 63*x - 60*x, -12405 = -3*x - 3*f. List the prime factors of x.
3, 17
Suppose j + 5 = 3, -4*v + 30 = -j. Let b(s) = s**3 - 4*s**2 - 7*s - 10. List the prime factors of b(v).
2, 11
Let h be (-4)/10*47*(-2 - 3). Suppose h - 320 = -2*w + 2*t, 0 = -4*w - 5*t + 443. List the prime factors of w.
2, 7
Let d(w) = -2*w**2 + 82*w + 290. List the prime factors of d(41).
2, 5, 29
Let p = -8 + 13. Suppose 5*t + 32*z - 33*z = 420, 3*t - 265 = -2*z. Suppose -31 = -3*d + 2*d - 2*h, -t = -4*d + p*h. List the prime factors of d.
5
Let n = 2844 + -1477. List the prime factors of n.
1367
Suppose 5*d - 4*i - 2731 = -396, -3*d = -2*i - 1401. What are the prime factors of d?
467
Let g(i) = -i**2 - i + 54. Let q be g(0). List the prime factors of q/4 + (-8)/(-16).
2, 7
Let h(m) = m**2 + 17*m + 19. Let b be h(-16). Suppose 0 = -3*u - 7 + 1, b*u = -2*w + 120. What are the prime factors of w?
3, 7
Let p(y) = y**3 + 2*y**2 + 7*y - 5. Let b be p(4). Suppose -4*n + b = 3*n. List the prime factors of n.
17
Let y(x) = -x**2 + 42*x + 37. List the prime factors of y(18).
7, 67
Suppose c + 10 = i - 0*c, -2*i = -c - 23. Let l(v) = 5*v - 32. List the prime factors of l(i).
3, 11
Let t(x) = -x**3 - 2*x**2 + 2*x + 1. Let s be t(2). List the prime factors of 172/2 - (s + 15).
2, 41
Let u = -101 + 2483. What are the prime factors of u?
2, 3, 397
Let n(l) be the first derivative of l**4/12 - 4*l**2 - 3*l - 6. Let z(p) be the first derivative of n(p). List the prime factors of z(6).
2, 7
Let v = -4 - -1. Let f be (-8)/v - 5/(-15). List the prime factors of 21 + f/9*3.
2, 11
Suppose -4*w + 13 = -19. Suppose 2*j - w = j. Let t = j + 14. List the prime factors of t.
2, 11
Suppose -4*m + 5 = -3*m, 5*f - 15 = 3*m. Suppose 4*p = 4*q + 20, 2*p - 4*q - 14 = 4. Suppose -2*j = -5*g - f*j + 11, -p = j. List the prime factors of g.
3
Suppose -h = 3*r - 83, -3*h + 54 = 3*r - 27. Suppose s = -a + 2 + 2, -r = -4*a - s. Suppose -a*x + 365 = -3*x. List the prime factors of x.
73
Let q(h) = 2*h - 21. Let o(f) = -f + 11. Let m(b) = 5*o(b) + 3*q(b). Let r be m(-11). What are the prime factors of r*(-1)/(0 - -1)?
19
Suppose -5*a - 4*n + 6034 = 0, -4*n = 8 - 12. List the prime factors of a.
2, 3, 67
Let a = -592 - -1771. What are the prime factors of a?
3, 131
Let w(p) = 8*p**2 + p - 9. Let m = 36 + -32. List the prime factors of w(m).
3, 41
Let r(b) = 155*b - 24. Let u be r(5). Suppose -5*o - 4*l = -u, o - 3*l - 154 = -0*o. What are the prime factors of o?
151
Suppose -40*w = -56*w + 2912. What are the prime factors of w?
2, 7, 13
Let u(z) = -z - 16. Let m be u(-17). Let h(g) = 6*g**3 - 2*g**2 + g. List the prime factors of h(m).
5
Let y(h) = h + 1. Let n b